 1. Let l(q) = 4*m(q) - y(q). Determine l(-4).
9
Let u(a) = -2*a - 2. Let b be (14/(-6))/7*-36. Suppose 2*v + 2*v = -b. Determine u(v).
4
Suppose 0 = 9*q + 5*q - 98. Let s(f) = 2*f. Calculate s(q).
14
Suppose c = 2*i + 12, -5*c + 2*i + 20 = -0*c. Suppose 4*o - 5*m + 7 = 0, 5*o = m - c*m + 13. Let f(x) = -x**2. Give f(o).
-4
Let n(m) = 3*m**2 - 2*m - 2. Let b(s) = -3*s**2 + s + 1. Let l(f) = -3*b(f) - 2*n(f). Calculate l(-2).
11
Let u(h) be the second derivative of -h**3/6 + 5*h**2 - 5*h. Calculate u(0).
10
Let n(a) = -2*a**2 - a + 2. Let d be 3*((-2)/(-6) + -1). Let m be (4*1)/(4 + d). Calculate n(m).
-8
Let q(u) = 4*u - 3. Let p(a) = -a**3 + 5*a**2 - 3*a - 3. Let j be p(3). Let g be (-4)/(-6)*j + -2. Give q(g).
5
Let j(c) = -c**2 - 1. Suppose -2*z - 3*p = 2*z - 12, 0 = -5*z - 2*p + 15. Let u be 12/9 - (-2)/z. Determine j(u).
-5
Let l(y) = -y**2 - y + 4. Let s(k) = -k**3 + 8*k**2 + k - 8. Let t be s(8). Let v be l(t). Let u(a) = -1 - 5 + 5 + v*a. Calculate u(-1).
-5
Let i(k) = -5. Let g(j) = -j - 4. Let l(t) = -3*g(t) + 2*i(t). Calculate l(6).
20
Suppose -2*p + 15 = -5*p, 17 = t - 3*p. Let f = 0 + t. Let x(z) = -z**f + z - z**2 - 5 + 4. Give x(1).
-2
Let o(v) = -2*v**2 + 3*v + 2. Let u = -6 + -3. Suppose 2*m = 4*r - 34, 3 - 4 = -m. Let s be (-21)/u + 6/r. Determine o(s).
-7
Let l(a) be the first derivative of a**4/4 + 5*a**3/3 + 2*a**2 + a - 2. Let f(k) = -k - 1. Let j be f(3). Calculate l(j).
1
Suppose -n + 3*i = 0, -i - 9 = 3*n + 1. Let q(t) = t + 6. Calculate q(n).
3
Let k(m) = -m**2 - 3*m - 4. Suppose 3*i = -3*d - 30, 0 = -2*d - i + 4*i + 5. Let n(b) = b**3 + 4*b**2 - 4*b + 1. Let s be n(d). Determine k(s).
-8
Let l(h) = 4*h - 1. Let y(f) = -3*f - 2*f + f**2 - 7 - 2*f + f**3 - 8*f**2. Let n be y(8). Determine l(n).
3
Let d(v) = v**2 + 5*v. Let x be 1 + 6 - 1*-1. Let p be 2*1*12/x. Suppose -4 + p = -m + a, -4*m - 5*a = 41. Calculate d(m).
-4
Let w(s) = s**2 - s. Let u(f) = -7*f**2 + 6*f - 2. Let a(d) = u(d) + 5*w(d). What is a(2)?
-8
Let h(m) = m - 7. Let z be (0/2)/(12/(-4)). Give h(z).
-7
Let p(k) = k**3 - 5*k**2 + 4*k + 4. Let b(j) be the third derivative of j**6/120 + 2*j**5/15 - j**4/24 - 2*j**3/3 - 2*j**2. Let o be b(-8). What is p(o)?
4
Let g = 605 + -610. Let r(n) = -3*n**3 + 0*n**2 - 4*n**2 + 2*n**3 + 6*n. Determine r(g).
-5
Let j = -16 - -24. Let a be ((-3)/(-5))/(j/(-40)). Let v(g) = -3*g + 3*g**2 + 3*g**3 - 2*g**3 + 3 + 7*g. Calculate v(a).
-9
Let t(m) = -m**2 + 4*m + 7. Let c = 10 + -11. Let i = c - -6. What is t(i)?
2
Let j(n) = -12*n + 44. Let r be j(4). Let u(m) = 2*m + 7. Determine u(r).
-1
Let w(p) = 4*p**3 + p + 1. Let f be w(-1). Let x be -7*(-1 - (f - -4)). Let m(v) = -v + 10. Determine m(x).
3
Let l(f) = 5*f + 15. Let q(c) = -2*c - 5. Let y(p) = -3*l(p) - 8*q(p). Let m = 7 + -1. Suppose 2*n = m*n. What is y(n)?
-5
Let k be 2/((-4)/((-3)/(-6)*4)). Let p(w) = 3*w - 1. Give p(k).
-4
Let j(a) be the second derivative of a**4/6 + 5*a**3/6 - 3*a**2/2 + 5*a - 2. Calculate j(-5).
22
Let o(y) = 6*y**2 - y - 1. Let t(j) = -7*j**2 + j + 1. Let i(n) = -6*o(n) - 5*t(n). What is i(3)?
-5
Let b(s) = s**3 - 5*s**2 - 5*s + 4. Let x(y) = -4*y - 10. Let p be x(-4). Give b(p).
10
Let s(z) = 4*z**2 - z + 0 - 2 - 1 - z. Determine s(-2).
17
Suppose 2*d = -4*o + 12, 2*o + 3*o = d + 1. Let a(y) be the second derivative of 0 + 1/12*y**d - 3*y + 0*y**3 - 3/2*y**2. What is a(3)?
6
Let m(q) be the third derivative of -q**5/120 - q**4/12 - q**3/3 - 2*q**2. Let p(z) be the first derivative of m(z). Suppose -c = 9 - 5. Calculate p(c).
2
Let w(j) = 5*j**2 + 4*j. Let r(f) = -6*f**2 - 5*f. Let i(s) = 3*r(s) + 4*w(s). Give i(1).
3
Let w(l) = 1 + 3*l - 2*l**3 + 2*l**2 - 5*l + 3*l. Determine w(2).
-5
Let i(c) = 3 + 13*c - 6*c - 4*c. Let t = 7 + -11. What is i(t)?
-9
Let b be 9/15 + (-24)/(-10). Let f(u) = -25 + u**2 + u**2 - b*u**2 + 20 - 5*u. Give f(-4).
-1
Let t(x) = -4*x - x + 0 + 7 + 4*x. Give t(6).
1
Let w(s) = -2*s**3 + 3*s**2 + 3. Let p(y) = 2 - y + y + 2*y**2 - y**3. Let r be (-48)/22 - (-2)/11. Let g(k) = r*w(k) + 3*p(k). Determine g(0).
0
Let f(k) be the first derivative of -2*k**3/3 - 2*k**2 - 3*k - 1. Give f(-3).
-9
Let h(w) = w**3 - 7*w**2 + 7*w - 3. Let k = 135 - 89. Suppose 3 - 23 = -2*l - 2*a, 5*l = -4*a + k. Determine h(l).
3
Let t be ((-18)/(-15))/((-44)/20 + 2). Let u(w) be the third derivative of -w**5/60 - w**4/4 - 2*w**2. Calculate u(t).
0
Let l(s) be the second derivative of -s**3/6 + 7*s**2/2 - s. Let h be 2/(3/(36/(-3))). Let a be (h/10)/(4/(-30)). Determine l(a).
1
Let x(d) be the first derivative of -d**3/3 - d**2 + d + 3. What is x(-3)?
-2
Let a be (4 + -3)/(-2 + 3). Suppose -a = -o + 3. Let j(b) = 3 + 4 - b - o. Calculate j(-4).
7
Suppose -4*q + 2*q = 3*g - 5, -4*q = g - 5. Suppose -3 = -w - q. Let n(v) = -3 + 3*v - 4*v**w + 5*v**3 - 4*v**3 + 6. What is n(3)?
3
Let z(b) = 6*b**3 + 6*b + 2. Let d(q) be the third derivative of -7*q**6/120 + q**5/60 - 7*q**4/24 - q**3/3 - q**2. Let h(a) = 5*d(a) + 6*z(a). Determine h(-5).
-3
Suppose -3*u - 14 = 5*o, 22 = 4*u - u - 4*o. Suppose -m - u = -2*m. Suppose -i = 5*d + 4*i + 10, 0 = 2*i - m. Let k(t) = 4*t + 3. What is k(d)?
-9
Let b(w) = -10*w**2. Let a(o) = o**2 + o - 1. Let d(r) = -a(r) - b(r). What is d(1)?
9
Let x(w) = 2*w. Suppose 0 = -j - 22 + 17. Determine x(j).
-10
Let d(r) be the third derivative of -11*r**4/24 + r**3/6 - 7*r**2. Give d(1).
-10
Let n(d) = -3*d**2 + 0 - 3*d + 4*d**2 - 2. Give n(2).
-4
Let o(m) be the second derivative of -m**5/20 - 3*m**4/4 - 4*m**3/3 - 5*m**2/2 + 14*m. What is o(-8)?
-5
Suppose -2 = -2*k + 8. Let q(f) = 12*f**3 - 23*f**3 - 8*f + 7 + 12*f**3 - 4*f**2. Give q(k).
-8
Let h(r) = -5*r - 1. Suppose 2*c + 9 = -4*z + 3*c, -c = z - 4. What is h(z)?
4
Let c(j) = 2*j**2 + j - 4. Let a be c(2). Let p(u) = -u**3 + 6*u**2 + u + 4. Determine p(a).
10
Let b(c) = c**2 + 3*c - 1. Let g = -96 - -90. Calculate b(g).
17
Let q(s) = -2*s**2 - 10*s + 5. Let d(i) = -i**2 - 9*i + 6. Let y(v) = 3*d(v) - 2*q(v). Let f(t) = 3*t - 12. Let z be f(6). What is y(z)?
2
Let o(n) be the third derivative of n**8/20160 + n**7/1680 + n**6/180 - n**5/60 + 3*n**2. Let r(k) be the third derivative of o(k). Calculate r(-3).
4
Let h(s) be the second derivative of -s**3/2 + 21*s. Calculate h(4).
-12
Let i(c) = c**3 + 5*c**2 + 3*c + 7. Suppose -4*v - 4*g + 5*g = 49, 2*v + 22 = -2*g. Let j = v - -7. Calculate i(j).
-8
Let b(y) = -129*y**2 + 2*y + 40*y**2 + 42*y**2 + 1 + 46*y**2. Let r = -3 + 1. Give b(r).
-7
Let t(r) = 3*r + 4. Let v be (9/3)/((-5)/10). Calculate t(v).
-14
Let q(r) = -r**2 + 2*r - 3. Suppose 11*f - 21 = 4*f. Determine q(f).
-6
Let h(k) = k. Let m(f) = -3*f. Let j(c) = -8*h(c) - 3*m(c). Give j(0).
0
Suppose -5*s + 4*s = -5. Let a(c) = -5*c + 0*c**2 + 5*c + 3*c + 4 - c**2. Determine a(s).
-6
Let q(i) be the third derivative of i**5/60 + i**3/6 + i**2. Let x = 14 - 14. Suppose -5*o + x*o = -5. Calculate q(o).
2
Suppose -w - 3*g = -6*w + 18, 11 = 5*w + 4*g. Suppose 4*l = -n + 11, 0 = -w*n - 6 + 15. Let c(u) = -8*u**2 - u**3 - 4*u + l*u**2 + u**2. Determine c(-3).
-6
Let j(k) be the first derivative of -5*k**4/4 - k**3/3 - 14. Give j(-1).
4
Let k(w) = -w**2 + 2*w + 5. Suppose 3*l = 3*t, -l - 3*t = 10 - 30. What is k(l)?
-10
Let v be (2/(-7))/(2/(-14)). Let h(m) = 5 - 3*m + 3*m - m**v - 6. Determine h(-1).
-2
Let v(y) be the first derivative of -y**2/2 + 8*y + 3. Let r(b) = -4 - 3 + 5 - 3*b. Let h be r(-2). Give v(h).
4
Let j(m) be the third derivative of m**5/60 + m**4/6 - 3*m**3/2 - 27*m**2. Give j(-7).
12
Suppose -2*j - 384 = -372. Let g(l) = l**3 + 7*l**2 + 9*l + 9. Calculate g(j).
-9
Let k be 2 + (-1 - 1) + 2. Suppose 0 = h - q - 2, -h + 11 = -2*q - k*q. Let f(b) = b**2 + 2*b + 1. What is f(h)?
0
Let q(a) be the first derivative of a**4/4 - 2*a**3/3 + a - 30. Give q(2).
1
Let q(i) = -i - 2*i + 4*i - 6 + 20. Let r be q(-11). Let w(g) = -g**3 - 1 - 3*g**2 - g + 2 + r*g + 0*g**3. Calculate w(-3).
-5
Let j(h) = -h**2 + 11*h + 18. Let f be j(12). Let g(u) = -u**2 + 7*u - 3. Determine g(f).
3
Let w(d) = 3*d**3 - d**2 - 2*d - 1. Suppose 0*t - 3*t = 6. Let n be 5*((-17)/(-5) + t). Suppose -3*r = -n*r - 4. What is w(r)?
-3
Let y be 10/8 - 7/28. Let b(t) = -8*t + 9*t - 4 - y + 6*t - t**2. Calculate b(5).
5
Suppose -1 = n - 6. Let l(m) = m**2 - 8*m + 5*m + 6 - n*m. Determine l(6).
-